a
In base 5, what is -214 - -201411022?
201410303
In base 10, what is 691 - 128230?
-127539
In base 6, what is -442 + 315031?
314145
In base 4, what is -120010011001 - -1?
-120010011000
In base 2, what is -111000110111100111011110110 + -1000?
-111000110111100111011111110
In base 7, what is 11652 + -61632?
-46650
In base 3, what is -122202 + 1022121212?
1021222010
In base 10, what is 230 + 1184959?
1185189
In base 2, what is 11111000011011101100000001 + 100?
11111000011011101100000101
In base 11, what is 2a + 79a4a4?
79a523
In base 7, what is -265143 - 15105?
-313251
In base 6, what is 1511502341 - 4?
1511502333
In base 14, what is -1 + -281469?
-28146a
In base 14, what is c8 - 73d1?
-7307
In base 14, what is 0 - 4dd06c?
-4dd06c
In base 14, what is -1075a + 130?
-1062a
In base 16, what is 2 + -38428?
-38426
In base 8, what is 32044355 + 2?
32044357
In base 9, what is -2462806 - 40?
-2462846
In base 13, what is 366068a - 1?
3660689
In base 12, what is 83b7 + 28?
8423
In base 3, what is 110102 + 220122?
1101001
In base 13, what is 5c2c + -3c1b3?
-36284
In base 12, what is 12 + -1a9348?
-1a9336
In base 9, what is -13715 - -1516?
-12188
In base 3, what is -21200 - 21011122201?
-21011221101
In base 6, what is 130 + 114453040?
114453210
In base 12, what is -909584 + 29?
-909557
In base 13, what is -5b1b - 2096?
-7bb4
In base 15, what is 59a08 + c9b?
5a7a4
In base 3, what is 10201002112211101 - -12?
10201002112211120
In base 9, what is 375 + 107287?
107673
In base 12, what is 1412 + 49?
145b
In base 15, what is -4ee879c - -7?
-4ee8795
In base 8, what is -33420 + 3702?
-27516
In base 6, what is -24453014313 + -2?
-24453014315
In base 12, what is -6 + 4507616?
4507610
In base 14, what is -7c - 1b8dbc1?
-1b8dc5d
In base 12, what is -250 + 2024?
1994
In base 10, what is -3103 + -32401?
-35504
In base 13, what is -833b6242 - -5?
-833b623a
In base 5, what is 12 + -413443213?
-413443201
In base 12, what is 40634 + a27?
4145b
In base 3, what is 20212222102 - 21002011?
20121220021
In base 16, what is 8 + 4789?
4791
In base 10, what is -383 + -7190?
-7573
In base 6, what is 242051 - 1121?
240530
In base 9, what is -84 + 14382354?
14382260
In base 13, what is -1738 + 790?
-c78
In base 16, what is 328 - 838?
-510
In base 11, what is -8a04 - -10?
-89a4
In base 3, what is 1200021021122 + 1212?
1200021100111
In base 5, what is 1 - 4340111324?
-4340111323
In base 10, what is 20459 + -3258?
17201
In base 2, what is -11100001 - 1011111001110111?
-1011111101011000
In base 2, what is -10000111100100101011 + 11100?
-10000111100100001111
In base 2, what is 110101010110 + 101011101111?
1100001000101
In base 10, what is 967479 + 1305?
968784
In base 7, what is -5 + 3102460110?
3102460102
In base 14, what is 10728 + 96?
107c0
In base 15, what is 3 - 1b461c?
-1b4619
In base 16, what is 409e5 + -111?
408d4
In base 11, what is 1 - -8578a3?
8578a4
In base 11, what is 8965 - 291?
8684
In base 10, what is 77422 - 273?
77149
In base 8, what is -4 - -43230755?
43230751
In base 8, what is 5 - -20574450?
20574455
In base 14, what is -26a04 - -8d?
-26955
In base 9, what is -20853054 + 3?
-20853051
In base 10, what is -17447906 + -4?
-17447910
In base 10, what is 3 + -46424431?
-46424428
In base 12, what is 20765690 - 3?
20765689
In base 3, what is -11212121200 - 11100001?
-12000221201
In base 4, what is 31130 - 1302121002?
-1302023212
In base 10, what is 7 + -59252688?
-59252681
In base 13, what is -4 - -1ca425?
1ca421
In base 6, what is -43133205 - -3?
-43133202
In base 6, what is -20122211 + 3?
-20122204
In base 3, what is 122010222 + -1001211011?
-102200012
In base 9, what is -4252 + 41738?
36476
In base 15, what is -2ea89 - e?
-2ea98
In base 5, what is -24404 + -1103444?
-1133403
In base 11, what is -37a - -94a706?
94a337
In base 5, what is -203334 + 2223241?
2014402
In base 13, what is 5a + b2530?
b258a
In base 15, what is 157947c - 5?
1579477
In base 11, what is 701a59 + -44?
701a15
In base 10, what is -14 - -89014?
89000
In base 13, what is c05 - -2c82?
3b87
In base 14, what is 2 - -71399d6?
71399d8
In base 2, what is 1101011101 - 100100000101100100?
-100011111000000111
In base 12, what is -2074384 + -2?
-2074386
In base 5, what is 1033213444 - -100?
1033214044
In base 11, what is 1488a + -39?
14851
In base 13, what is -35270 + -6c7?
-35967
In base 15, what is 6c4 + -1792?
-10bd
In base 9, what is -3 - -15734153?
15734150
In base 14, what is 32 + 29cb0?
29d02
In base 14, what is 4 - -db0d92?
db0d96
In base 11, what is 58 - 9a939?
-9a891
In base 5, what is -3042010 + 324?
-3041131
In base 8, what is 1022 + 2026744?
2027766
In base 12, what is -b863 - 30?
-b893
In base 2, what is -10001100000001001110111100 + 1?
-10001100000001001110111011
In base 2, what is -10000110001111001000 + -101100001?
-10000110010100101001
In base 11, what is 0 + -13833911?
-13833911
In base 15, what is 9256 + -9e?
91a7
In base 9, what is 4 - 2853150?
-2853145
In base 5, what is -1124410 - 2121?
-1132031
In base 15, what is 8b51 + 1a4?
8d05
In base 7, what is -11510103 + 11?
-11510062
In base 6, what is 1245113 + 32?
1245145
In base 10, what is 4 + 3540775?
3540779
In base 8, what is -3202 - -71626?
66424
In base 7, what is -1341 + 351156?
346515
In base 11, what is -177 - -74168?
73aa1
In base 6, what is 1 - 2233423544?
-2233423543
In base 16, what is -47a6 - 59?
-47ff
In base 7, what is 31 + -343052?
-343021
In base 11, what is -43 - -39959?
39916
In base 4, what is 1 + -20222123033?
-20222123032
In base 5, what is -1212 + -21044103?
-21100320
In base 2, what is 100001011011111 + 10010001101?
100011101101100
In base 3, what is -222202222200 + 22?
-222202222101
In base 15, what is 26866365 - 2?
26866363
In base 5, what is 414241 - 3440?
410301
In base 12, what is -481275 + -7?
-481280
In base 8, what is 1 + -313446621?
-313446620
In base 4, what is -32003012 + -321222?
-32330300
In base 11, what is a34657 - -a?
a34666
In base 9, what is -2682246 + 70?
-2682166
In base 11, what is -331786 + 3?
-331783
In base 13, what is 2c - 844b85?
-844b56
In base 11, what is -a8800 - 2095?
-aa895
In base 2, what is 1100110011100111111110 - 101?
1100110011100111111001
In base 14, what is 1 + 26a64d9?
26a64da
In base 7, what is -103 + -405001?
-405104
In base 7, what is -513461533 + -4?
-513461540
In base 4, what is 23102302 + -1100120?
22002122
In base 11, what is -4916 - -25a6a?
21154
In base 12, what is -194 + -99a9b?
-9a073
In base 3, what is 10 - 2220000011021211?
-2220000011021201
In base 6, what is -1 + -4113520341?
-4113520342
In base 12, what is -1429 - -6748?
531b
In base 5, what is 13444021334 + -31?
13444021303
In base 2, what is 1000011011101101110111 - -10100?
1000011011101110001011
In base 2, what is 110001110100111100011 - -10?
110001110100111100101
In base 15, what is 57d + 36d3?
3c61
In base 3, what is 1021020200200 + -111?
1021020200012
In base 13, what is 316911 + 55?
316966
In base 12, what is 140068 - 22?
140046
In base 8, what is 4 + 2215523527?
2215523533
In base 15, what is -dd6 + 164c3?
155dc
In base 2, what is 1111000001101001101010010 - -1100?
1111000001101001101011110
In base 3, what is 11212211000110 - -12202?
11212211020012
In base 2, what is 1100 + 1100010010100100001111111?
1100010010100100010001011
In base 9, what is -101460330 + 7?
-101460322
In base 11, what is -2057430 - -5?
-2057426
In base 13, what is 1a + 569cb?
56a18
In base 13, what is -278c + 37b?
-2411
In base 6, what is 5243303500 + -5?
5243303451
In base 11, what is -3 - 37184717?
-3718471a
In base 3, what is -20 - -1002212112012000?
1002212112011210
In base 14, what is -227b - -d348?
b0ab
In base 8, what is 23577 - -40141?
63740
In base 9, what is -200772 - -85?
-200676
In base 9, what is -140 - 464575?
-464725
In base 13, what is -a499 - 127a?
-b746
In base 6, what is -100144 - -245542?
145354
In base 6, what is 252343 + -11151?
241152
In base 10, what is 59654 - 5503?
54151
In base 5, what is -14 - -4144013?
4143444
In base 16, what is 59602c5 - -3?
59602c8
In base 12, what is 692b + -126?
6805
In base 3, what is -12221112010202 + -20?
-12221112010222
In base 9, what is 12 - 453320?
-453307
In base 4, what is 311310022001 + -20?
311310021321
In base 15, what is -6e21 - -8774?
1853
In base 6, what is -10542320 - -22?
-1